{"id":14,"date":"2019-03-02T15:40:54","date_gmt":"2019-03-02T14:40:54","guid":{"rendered":"https:\/\/elos-aus-dem-rurtal.de\/?page_id=14"},"modified":"2020-01-14T20:52:57","modified_gmt":"2020-01-14T19:52:57","slug":"a-wurf","status":"publish","type":"page","link":"https:\/\/elos-aus-dem-rurtal.de\/?page_id=14","title":{"rendered":"A-Wurf"},"content":{"rendered":"ngg_shortcode_0_placeholder\n<hr>\n<h2>Die Welpen<\/h2>\n<table>\n<tbody>\n<tr>\n<td>Name<\/td>\n<td>Alma<\/td>\n<td>Anton<\/td>\n<td>Alwin<\/td>\n<td>Addi<\/td>\n<td>Albert<\/td>\n<td>Anna<\/td>\n<td>Agnes<\/td>\n<\/tr>\n<tr>\n<td>Geschlecht<\/td>\n<td>\u2640<\/td>\n<td>\u2642<\/td>\n<td>\u2642<\/td>\n<td>\u2640<\/td>\n<td>\u2642<\/td>\n<td>\u2640<\/td>\n<td>\u2640<\/td>\n<\/tr>\n<tr>\n<td>Geb.-zeit<br \/>\n22.12.2018<\/td>\n<td>10:27<\/td>\n<td>11:28<\/td>\n<td>11:46<\/td>\n<td>12:03<\/td>\n<td>13:30<\/td>\n<td>14:20<\/td>\n<td>16:37<\/td>\n<\/tr>\n<\/tbody>\n<\/table>\n<p>&nbsp;<\/p>\n<p><strong>Am 24.02.2019<\/strong><br \/>\nHeute haben uns die ersten Welpen verlassen. Alma wohnt ab heute in Wegberg und Alwin ist nach Arnsberg gezogen. Wir w\u00fcnschen den neuen Frauchen, Herrchen und den Tupfentieren alles Gute und viel Spa\u00df miteinander.<\/p>\n<p><strong>Masse der Welpen am 10.02.2019<\/strong><\/p>\n<p>Anton4180 g Alwin4530 g Addi4160 g Albert4730 g Anna3980 g Agnes4730 g Alma 4220 g<\/p>\n<p>Die Welpen haben sich pr\u00e4chtig entwickelt. Sie tollen und toben in ihrem Gehege drinnen und drau\u00dfen. Zwischenzeitlich konnten wir auch die Welpen den Interessenten zuordnen.<\/p>\n<p><strong>01.02.2019<\/strong><br \/>\nEs wurden Bilder und ein Film von einem Ausflug nach Drau\u00dfen hinzugef\u00fcgt. Bilder<br \/>\nund Film unter <a href=\"https:\/\/elos-aus-dem-rurtal.de\/?page_id=14\">A-Wurf<\/a><\/p>\n<p><strong>26.01.2019<\/strong> Heute ging es zum ersten mal nach Drau\u00dfen. Leider war der Schnee schon wieder vom Regen aufgel\u00f6st worden. Die Zwerge haben aber doch ihren 5 min\u00fctigen Ausflug an die Frischluft genossen. Bilder unter <a href=\"https:\/\/elos-aus-dem-rurtal.de\/?page_id=14\">A-Wurf<\/a><\/p>\n<p><strong>15.01.2019<\/strong> Am gestrigen Sonntag haben wir begonnen die Welpen mit Ziegenmilch und heute am Montag mit Rinderhack bei zu f\u00fcttern. Die kleinen haben sich direkt \u00fcber die Zusatznahrung hergemacht. Bilder unter <a href=\"https:\/\/elos-aus-dem-rurtal.de\/?page_id=14\">A.Wurf<\/a><\/p>\n<p><strong>13.01.2019<\/strong> Heute sind die Welpen in den Wintergarten umgezogen. Mit Wurfkiste und einem noch kleinen Gehege haben sie den Wintergarten bezogen und k\u00f6nnen sich hier richtig austoben.<\/p>\n<p><strong>06.01.2019<\/strong> Am gestrigen Samstag wurde der Wurf durch einen fachkundigen Vertreter der EZFG besichtigt. Es gab nichts zu beanstanden. Unter A-Wurf wurden neue Bilder der Welpen eingef\u00fcgt. Mittlerweile haben alle Welpen die Augen auf und versuchen auf allen vier Pfoten zu laufen.<\/p>\n<p><strong>04.01.2019<\/strong> Unter <a href=\"https:\/\/elos-aus-dem-rurtal.de\/?page_id=14\">A-Wurf<\/a> wurden Videos erg\u00e4nzt.<br \/>\nIn den letzten drei Tagen werden die Laute, die die Kleinen von sich geben immer vielseitiger. Seit heute beginnen die Kleinen langsam ihre Augen zu \u00f6ffnen. Vor zwei Tagen haben die Zwerge begonnen auf den Pfoten zu laufen.<\/p>\n<p><strong>30.12.2018<\/strong> Unter <a href=\"https:\/\/elos-aus-dem-rurtal.de\/?page_id=14\">A-Wurf<\/a> wurde bei Schnappsch\u00fcsse Bilder erg\u00e4nzt, sowie ein weiterer Film hinzugef\u00fcgt. Die Massen der Welpen wurden f\u00fcr den 30.12. eingetragen. Vorab, alle Welpen haben ihre Masse seit der Geburt mindestens verdoppelt.<\/p>\n<p><strong>23.12.2018<\/strong> Die ersten Bilder der Welpen stehen online unter <a href=\"https:\/\/elos-aus-dem-rurtal.de\/?page_id=14\">A-Wurf<\/a><\/p>\n<p><strong>22.12.2018<\/strong> Die Welpen sind da!<br \/>\nHeute Morgen um 10:27 kam Alma zur Welt. Eine Stunde sp\u00e4ter um 11:28 war Anton da. Ihm folgten im viertel st\u00fcndigen Abstand Alwin um 11:46 und Addi um 12:03. Eineinhalb Stunden sp\u00e4ter kam Albert um 13:30. F\u00fcnfzig Minuten sp\u00e4ter um 14:20 kam Anna. Das Schlu\u00dflicht machte Agnes um 16:37. Alle Welpen sind wohlauf und legen t\u00e4glich an Gewicht zu.<\/p>\n<p><strong>21.12.2018<\/strong> Seit heute Morgen hechelt Maya und scharrt in der Wurfbox. Sie m\u00f6chte nichts mehr fressen und h\u00e4lt sich lange in der Wurfbox auf.<\/p>\n<p><strong>20.12.2018<\/strong> Maya hat heute in der N\u00e4he des Gartenzauns begonnen eine Wurfh\u00f6hle zu bauen.<\/p>\n<p><strong>12.12.2018<\/strong> Mittlerweile ist nicht mehr zu \u00fcbersehen, dass Maya Welpen erwartet. Ihr Bauch ist un\u00fcbersehbar dick und das Ges\u00e4uge entwickelt sich.<\/p>\n<p><strong>11.12.2018<\/strong> Die Wurfbox ist zusammengebaut und bereit.<\/p>\n<p><img fetchpriority=\"high\" decoding=\"async\" class=\"alignnone size-medium wp-image-233\" src=\"https:\/\/elos-aus-dem-rurtal.de\/wp-content\/uploads\/2018\/12\/2018_1212_210018-300x201.jpg\" alt=\"\" width=\"300\" height=\"201\" srcset=\"https:\/\/elos-aus-dem-rurtal.de\/wp-content\/uploads\/2018\/12\/2018_1212_210018-300x201.jpg 300w, https:\/\/elos-aus-dem-rurtal.de\/wp-content\/uploads\/2018\/12\/2018_1212_210018-768x514.jpg 768w, https:\/\/elos-aus-dem-rurtal.de\/wp-content\/uploads\/2018\/12\/2018_1212_210018-1024x685.jpg 1024w, https:\/\/elos-aus-dem-rurtal.de\/wp-content\/uploads\/2018\/12\/2018_1212_210018-1140x763.jpg 1140w\" sizes=\"(max-width: 300px) 100vw, 300px\" \/><img decoding=\"async\" class=\"alignnone size-medium wp-image-234\" src=\"https:\/\/elos-aus-dem-rurtal.de\/wp-content\/uploads\/2018\/12\/2018_1212_210100-300x201.jpg\" alt=\"\" width=\"300\" height=\"201\" srcset=\"https:\/\/elos-aus-dem-rurtal.de\/wp-content\/uploads\/2018\/12\/2018_1212_210100-300x201.jpg 300w, https:\/\/elos-aus-dem-rurtal.de\/wp-content\/uploads\/2018\/12\/2018_1212_210100-768x514.jpg 768w, https:\/\/elos-aus-dem-rurtal.de\/wp-content\/uploads\/2018\/12\/2018_1212_210100-1024x685.jpg 1024w, https:\/\/elos-aus-dem-rurtal.de\/wp-content\/uploads\/2018\/12\/2018_1212_210100-1140x763.jpg 1140w\" sizes=\"(max-width: 300px) 100vw, 300px\" \/><\/p>\n<hr>\n<h1>Bilder des A-Wurfs<\/h1>\nngg_shortcode_1_placeholder\n<hr>\n<p>&nbsp;<\/p>\n<h2>Bilder vom 18.01.2019<\/h2>\nngg_shortcode_2_placeholder\n<hr>\n<h2>Der erste Ausflug nach Drau\u00dfen am 26.01.2019<\/h2>\nngg_shortcode_3_placeholder\n<hr>\n<h2>Der Ausflug am 1.2.2019<\/h2>\nngg_shortcode_4_placeholder\n<hr>\n<h2>&#8212;&#8212;&#8212;&#8212;&#8212;&#8212;&#8212;&#8212;&#8212;&#8212;&#8212;&#8212;&#8212;&#8212;&#8212;&#8212;&#8212;&#8212;&#8212;&#8212;&#8212;&#8212;&#8212;&#8212;&#8212;&#8212;&#8212;&#8212;&#8212;&#8212;&#8212;<\/h2>\n<hr>\n<h2>Die Kinderstube am 30.12.<\/h2>\n\n<hr>\n<h2>Ein Ausflug am 2.2. VII<\/h2>\n\n<hr>\n<p>&nbsp;<\/p>\n<h2>Die Eltern<\/h2>\n<p>Nachdem sich Maya (Gioia von der Schatzinsel) und Balto (Indy von der Schatzinsel) im Oktober genauer beschnuppert haben, erwartet Maya nun um den 4 Advent Welpen.&nbsp; Wir freuen uns schon sehr auf unsere Weihnachtswelpen.<\/p>\n<p><img decoding=\"async\" class=\"alignnone size-medium wp-image-220\" src=\"https:\/\/elos-aus-dem-rurtal.de\/wp-content\/uploads\/2018\/12\/17309421_854151491404181_8589312050985894229_n-300x225.jpg\" alt=\"\" width=\"300\" height=\"225\" srcset=\"https:\/\/elos-aus-dem-rurtal.de\/wp-content\/uploads\/2018\/12\/17309421_854151491404181_8589312050985894229_n-300x225.jpg 300w, https:\/\/elos-aus-dem-rurtal.de\/wp-content\/uploads\/2018\/12\/17309421_854151491404181_8589312050985894229_n-768x576.jpg 768w, https:\/\/elos-aus-dem-rurtal.de\/wp-content\/uploads\/2018\/12\/17309421_854151491404181_8589312050985894229_n.jpg 960w\" sizes=\"(max-width: 300px) 100vw, 300px\" \/><\/p>\n<table width=\"100%\" cellspacing=\"0\" cellpadding=\"2\">\n<colgroup>\n<col width=\"33%\">\n<col width=\"66%\"> <\/colgroup>\n<tbody>\n<tr>\n<td colspan=\"2\" valign=\"top\">\n<p class=\"western\" lang=\"de-DE\"><span style=\"color: #002966;\"><span style=\"font-size: normal;\"><b>Angaben zum R\u00fcden<\/b><\/span><\/span><\/p>\n<\/td>\n<\/tr>\n<tr>\n<td valign=\"top\">\n<p class=\"western\" lang=\"de-DE\"><span style=\"font-size: normal;\">Name:<\/span><\/p>\n<\/td>\n<td>\n<p class=\"western\" lang=\"de-DE\"><span style=\"font-size: normal;\"><b>Indy<br \/>\nvon der Schatzinsel<\/b><\/span><\/p>\n<\/td>\n<\/tr>\n<tr>\n<td valign=\"top\">\n<p class=\"western\" lang=\"de-DE\"><span style=\"font-size: normal;\">Wurftag:<\/span><\/p>\n<\/td>\n<td>\n<p class=\"western\" lang=\"de-DE\"><span style=\"font-size: normal;\"><b>01.03.2015<\/b><\/span><\/p>\n<\/td>\n<\/tr>\n<tr>\n<td valign=\"top\">\n<p class=\"western\" lang=\"de-DE\"><span style=\"font-size: normal;\">Farbe:<\/span><\/p>\n<\/td>\n<td>\n<p class=\"western\" lang=\"de-DE\"><span style=\"font-size: normal;\"><b>WRA<\/b><\/span><\/p>\n<\/td>\n<\/tr>\n<tr>\n<td valign=\"top\">\n<p class=\"western\" lang=\"de-DE\"><span style=\"font-size: normal;\">Gr\u00f6\u00dfe:<\/span><\/p>\n<\/td>\n<td>\n<p class=\"western\" lang=\"de-DE\"><span style=\"font-size: normal;\"><b>56cm<\/b><\/span><\/p>\n<\/td>\n<\/tr>\n<tr>\n<td valign=\"top\">\n<p class=\"western\" lang=\"de-DE\"><span style=\"font-size: normal;\">Haarart:<\/span><\/p>\n<\/td>\n<td>\n<p class=\"western\" lang=\"de-DE\"><span style=\"font-size: normal;\"><b>glatt<\/b><\/span><\/p>\n<\/td>\n<\/tr>\n<tr>\n<td valign=\"top\">\n<p class=\"western\" lang=\"de-DE\"><span style=\"font-size: normal;\">ZB-Nr.:<\/span><\/p>\n<\/td>\n<td>\n<p class=\"western\" lang=\"de-DE\"><span style=\"font-size: normal;\"><b>11006<\/b><\/span><\/p>\n<\/td>\n<\/tr>\n<tr>\n<td valign=\"top\">\n<p class=\"western\" lang=\"de-DE\"><span style=\"font-size: normal;\">HD-Befund:<\/span><\/p>\n<\/td>\n<td>\n<p class=\"western\" lang=\"de-DE\"><span style=\"font-size: normal;\"><b>A1<\/b><\/span><\/p>\n<\/td>\n<\/tr>\n<tr>\n<td valign=\"top\">\n<p class=\"western\" lang=\"de-DE\"><span style=\"font-size: normal;\">PL-Befund:<\/span><\/p>\n<\/td>\n<td>\n<p class=\"western\" lang=\"de-DE\"><span style=\"font-size: normal;\"><b>0<\/b><\/span><\/p>\n<\/td>\n<\/tr>\n<tr>\n<td>\n<p class=\"western\" lang=\"de-DE\"><span style=\"font-size: normal;\">Augenbefund: Glaukom:<\/span><\/p>\n<\/td>\n<td>\n<p class=\"western\" lang=\"de-DE\"><span style=\"font-size: normal;\"><b>12.06.2018:<br \/>\nfrei 12.06.2018: Gonioskopie frei<\/b><\/span><\/p>\n<\/td>\n<\/tr>\n<tr>\n<td valign=\"top\">\n<p class=\"western\" lang=\"de-DE\" align=\"left\"><span style=\"font-size: normal;\">Wesens:<\/span><\/p>\n<\/td>\n<td><span style=\"font-family: DejaVu Sans, sans-serif;\"><span style=\"font-size: normal;\"><b>gute Leinenf\u00fchrigkeit; folgsam;keine Aggressivit\u00e4t gegen\u00fcber Artgenossen; sehr Folgsam, sehr spiel- und apportierfreudig; neugierig bis gesundes Interesse an kleineren Haustieren; ruhig und freundlich gegen\u00fcber neutralen Menschen; sehr unterordnungswillig; schmerzunempfindlich; keine Futterverteidigung; bei auff\u00e4lligen Personen ruhig und gelassen; angebunden ruhig und gelassen; ruhiges bis lebhaftes Temperament; sicher bei optischen und akustischen Reizen; sicher, gelassen und ruhig im Ring; kindergeeignet; keine Neigung zum Anspringen; ausgepr\u00e4gte K\u00f6rpersprache, Mienenspiel; gelehrig.<\/b><\/span><\/span><\/td>\n<\/tr>\n<tr>\n<td valign=\"top\">\n<p class=\"western\" lang=\"de-DE\"><span style=\"font-size: normal;\">Verpaarung:<\/span><\/p>\n<\/td>\n<td><span style=\"font-family: DejaVu Sans, sans-serif;\"><span style=\"font-size: normal;\"><b>Der R\u00fcde ist unbegrenzt zuchttauglich. Die H\u00fcndin sollte elo-typisch gezeichnet<br \/>\nsein.<\/b><\/span><\/span><\/td>\n<\/tr>\n<tr>\n<td valign=\"top\">\n<p class=\"western\" lang=\"de-DE\"><span style=\"font-size: normal;\">Internetseite:<\/span><\/p>\n<\/td>\n<td><a href=\"http:\/\/indy-von-der-schatzinsel.de\" target=\"_blank\" rel=\"noopener noreferrer\"><b>Indy von der Schatzinsel<\/b><\/a><\/td>\n<\/tr>\n<\/tbody>\n<\/table>\n<p><img loading=\"lazy\" decoding=\"async\" class=\"alignnone size-medium wp-image-218\" src=\"https:\/\/elos-aus-dem-rurtal.de\/wp-content\/uploads\/2018\/12\/2018_0114_161846-300x201.jpg\" alt=\"\" width=\"300\" height=\"201\" srcset=\"https:\/\/elos-aus-dem-rurtal.de\/wp-content\/uploads\/2018\/12\/2018_0114_161846-300x201.jpg 300w, https:\/\/elos-aus-dem-rurtal.de\/wp-content\/uploads\/2018\/12\/2018_0114_161846-768x514.jpg 768w, https:\/\/elos-aus-dem-rurtal.de\/wp-content\/uploads\/2018\/12\/2018_0114_161846-1024x685.jpg 1024w, https:\/\/elos-aus-dem-rurtal.de\/wp-content\/uploads\/2018\/12\/2018_0114_161846-1140x763.jpg 1140w\" sizes=\"(max-width: 300px) 100vw, 300px\" \/><\/p>\n<p class=\"western\" lang=\"de-DE\"><span style=\"font-size: normal;\">Verpaarung:<\/span><\/p>\n<p><span style=\"font-size: normal;\"><b> Der zu verpaarende R\u00fcde sollte Elo-Typisch gezeichnet sein und einen korrekten Gang aufweisen.<\/b><\/span><\/p>\n<table width=\"100%\" cellspacing=\"0\" cellpadding=\"2\">\n<colgroup>\n<col width=\"33%\">\n<col width=\"66%\"> <\/colgroup>\n<tbody>\n<tr valign=\"top\">\n<td>\n<p class=\"western\" lang=\"de-DE\"><span style=\"font-size: normal;\">Name:<\/span><\/p>\n<\/td>\n<td>\n<p class=\"western\" lang=\"de-DE\"><span style=\"font-size: normal;\"><b>Gioia<br \/>\nvon der Schatzinsel<\/b><\/span><\/p>\n<\/td>\n<\/tr>\n<tr valign=\"top\">\n<td>\n<p class=\"western\" lang=\"de-DE\"><span style=\"font-size: normal;\">Wurftag:<\/span><\/p>\n<\/td>\n<td>\n<p class=\"western\" lang=\"de-DE\"><span style=\"font-size: normal;\"><b>02.07.2014<\/b><\/span><\/p>\n<\/td>\n<\/tr>\n<tr valign=\"top\">\n<td>\n<p class=\"western\" lang=\"de-DE\"><span style=\"font-size: normal;\">Farbe:<\/span><\/p>\n<\/td>\n<td>\n<p class=\"western\" lang=\"de-DE\"><span style=\"font-size: normal;\"><b>WBA<\/b><\/span><\/p>\n<\/td>\n<\/tr>\n<tr valign=\"top\">\n<td>\n<p class=\"western\" lang=\"de-DE\"><span style=\"font-size: normal;\">Gr\u00f6\u00dfe:<\/span><\/p>\n<\/td>\n<td>\n<p class=\"western\" lang=\"de-DE\"><span style=\"font-size: normal;\"><b>56cm<br \/>\n<\/b><\/span><\/p>\n<\/td>\n<\/tr>\n<tr valign=\"top\">\n<td>\n<p class=\"western\" lang=\"de-DE\"><span style=\"font-size: normal;\">Haarart:<\/span><\/p>\n<\/td>\n<td>\n<p class=\"western\" lang=\"de-DE\"><span style=\"font-size: normal;\"><b>glatt<\/b><\/span><\/p>\n<\/td>\n<\/tr>\n<tr valign=\"top\">\n<td>\n<p class=\"western\" lang=\"de-DE\"><span style=\"font-size: normal;\">ZB-Nr.:<\/span><\/p>\n<\/td>\n<td>\n<p class=\"western\" lang=\"de-DE\"><span style=\"font-size: normal;\"><b>10499<\/b><\/span><\/p>\n<\/td>\n<\/tr>\n<tr valign=\"top\">\n<td>\n<p class=\"western\" lang=\"de-DE\"><span style=\"font-size: normal;\">HD-Befund:<\/span><\/p>\n<\/td>\n<td>\n<p class=\"western\" lang=\"de-DE\"><span style=\"font-size: normal;\"><b>A2<\/b><\/span><\/p>\n<\/td>\n<\/tr>\n<tr valign=\"top\">\n<td>\n<p class=\"western\" lang=\"de-DE\"><span style=\"font-size: normal;\">PL-Befund:<\/span><\/p>\n<\/td>\n<td>\n<p class=\"western\" lang=\"de-DE\"><span style=\"font-size: normal;\"><b>0<\/b><\/span><\/p>\n<\/td>\n<\/tr>\n<tr>\n<td>\n<p class=\"western\" lang=\"de-DE\"><span style=\"font-size: normal;\">Augenbefund:<br \/>\nGlaukom:<\/span><\/p>\n<\/td>\n<td valign=\"top\">\n<p class=\"western\" lang=\"de-DE\"><span style=\"font-size: normal;\"><b>AU-o.B.(10.11.2017)<br \/>\nGonio-o.B.(10.11.2017)<br \/>\n<\/b><\/span><\/p>\n<\/td>\n<\/tr>\n<tr>\n<td>\n<p class=\"western\" lang=\"de-DE\"><span style=\"font-size: normal;\">Wesens:<br \/>\n<\/span><\/p>\n<\/td>\n<td>\n<p class=\"western\" lang=\"de-DE\"><span style=\"font-size: normal;\"><b>Freundliche H\u00fcndin mit gutem Sozialverhalten. Sehr sicher bei optischen und akustischen Reizen. Bei bedrohlicher Person wachsam.<br \/>\nKinderlieb, zeigt neugieriges Interesse an Kaninchen, spielfreudig, lernfreudig.<\/b><\/span><\/p>\n<\/td>\n<\/tr>\n<\/tbody>\n<\/table>\n<hr>\n<p><b>Sch\u00f6ne Erlebnisse sind f\u00fcr einen Z\u00fcchter Briefe die danke sagen, ganz besonders dann, wenn sie so sch\u00f6n geschrieben sind:<\/b><\/p>\n<p><img loading=\"lazy\" decoding=\"async\" class=\"alignnone size-medium wp-image-1232\" src=\"https:\/\/elos-aus-dem-rurtal.de\/wp-content\/uploads\/2019\/03\/Eleni_1-2-300x209.jpg\" alt=\"\" width=\"300\" height=\"209\" srcset=\"https:\/\/elos-aus-dem-rurtal.de\/wp-content\/uploads\/2019\/03\/Eleni_1-2-300x209.jpg 300w, https:\/\/elos-aus-dem-rurtal.de\/wp-content\/uploads\/2019\/03\/Eleni_1-2-768x534.jpg 768w, https:\/\/elos-aus-dem-rurtal.de\/wp-content\/uploads\/2019\/03\/Eleni_1-2-1024x713.jpg 1024w, https:\/\/elos-aus-dem-rurtal.de\/wp-content\/uploads\/2019\/03\/Eleni_1-2-1140x793.jpg 1140w\" sizes=\"(max-width: 300px) 100vw, 300px\" \/><br \/>\n<img loading=\"lazy\" decoding=\"async\" class=\"alignnone size-medium wp-image-1233\" src=\"https:\/\/elos-aus-dem-rurtal.de\/wp-content\/uploads\/2019\/03\/Eleni_2-2-300x223.jpg\" alt=\"\" width=\"300\" height=\"223\" srcset=\"https:\/\/elos-aus-dem-rurtal.de\/wp-content\/uploads\/2019\/03\/Eleni_2-2-300x223.jpg 300w, https:\/\/elos-aus-dem-rurtal.de\/wp-content\/uploads\/2019\/03\/Eleni_2-2-768x570.jpg 768w, https:\/\/elos-aus-dem-rurtal.de\/wp-content\/uploads\/2019\/03\/Eleni_2-2-1024x760.jpg 1024w, https:\/\/elos-aus-dem-rurtal.de\/wp-content\/uploads\/2019\/03\/Eleni_2-2-1140x847.jpg 1140w\" sizes=\"(max-width: 300px) 100vw, 300px\" \/><\/p>\n","protected":false},"excerpt":{"rendered":"<p>Die Welpen Name Alma Anton Alwin Addi Albert Anna Agnes Geschlecht \u2640 \u2642 \u2642 \u2640 \u2642 \u2640 \u2640 Geb.-zeit 22.12.2018 10:27 11:28 11:46 12:03 13:30 14:20 16:37 &nbsp; Am 24.02.2019 Heute haben uns die ersten Welpen verlassen. Alma wohnt ab heute in Wegberg und Alwin ist nach Arnsberg gezogen. Wir w\u00fcnschen den neuen Frauchen, Herrchen und den Tupfentieren alles Gute und viel Spa\u00df miteinander. Masse der Welpen am 10.02.2019 Anton4180 g Alwin4530 g Addi4160 g Albert4730 g Anna3980 g Agnes4730 g Alma 4220 g Die Welpen haben sich pr\u00e4chtig entwickelt. Sie tollen und toben in ihrem Gehege drinnen und drau\u00dfen. Zwischenzeitlich konnten wir auch die Welpen den Interessenten zuordnen. 01.02.2019 Es wurden Bilder und ein Film von einem Ausflug nach Drau\u00dfen hinzugef\u00fcgt. Bilder und Film unter A-Wurf 26.01.2019 Heute ging es zum ersten mal nach Drau\u00dfen. Leider war der Schnee schon wieder vom Regen aufgel\u00f6st worden. Die Zwerge haben aber doch ihren 5 min\u00fctigen Ausflug an die Frischluft genossen. Bilder unter A-Wurf 15.01.2019 Am gestrigen Sonntag haben wir begonnen die Welpen mit Ziegenmilch und heute am Montag mit Rinderhack bei zu f\u00fcttern. Die kleinen haben sich direkt \u00fcber die Zusatznahrung hergemacht. Bilder unter A.Wurf 13.01.2019 Heute sind die Welpen in den Wintergarten umgezogen. Mit Wurfkiste und einem noch kleinen Gehege haben sie den Wintergarten bezogen und k\u00f6nnen sich hier richtig austoben. 06.01.2019 Am gestrigen Samstag wurde der Wurf durch einen fachkundigen Vertreter der EZFG besichtigt. Es gab nichts zu beanstanden. Unter A-Wurf wurden neue Bilder der Welpen eingef\u00fcgt. Mittlerweile haben alle Welpen die Augen auf und versuchen auf allen vier Pfoten zu laufen. 04.01.2019 Unter A-Wurf wurden Videos erg\u00e4nzt. In den letzten drei Tagen werden die Laute, die die Kleinen von sich geben immer vielseitiger. Seit heute beginnen die Kleinen langsam ihre Augen zu \u00f6ffnen. Vor zwei Tagen haben die Zwerge begonnen auf den Pfoten zu laufen. 30.12.2018 Unter A-Wurf wurde bei Schnappsch\u00fcsse Bilder erg\u00e4nzt, sowie ein weiterer Film hinzugef\u00fcgt. Die Massen der Welpen wurden f\u00fcr den 30.12. eingetragen. Vorab, alle Welpen haben ihre Masse seit der Geburt mindestens verdoppelt. 23.12.2018 Die ersten Bilder der Welpen stehen online unter A-Wurf 22.12.2018 Die Welpen sind da! Heute Morgen um 10:27 kam Alma zur Welt. Eine Stunde sp\u00e4ter um 11:28 war Anton da. Ihm folgten im viertel st\u00fcndigen Abstand Alwin um 11:46 und Addi um 12:03. Eineinhalb Stunden sp\u00e4ter kam Albert um 13:30. F\u00fcnfzig Minuten sp\u00e4ter um 14:20 kam Anna. Das Schlu\u00dflicht machte Agnes um 16:37. Alle Welpen sind wohlauf und legen t\u00e4glich an Gewicht zu. 21.12.2018 Seit heute Morgen hechelt Maya und scharrt in der Wurfbox. Sie m\u00f6chte nichts mehr fressen und h\u00e4lt sich lange in der Wurfbox auf. 20.12.2018 Maya hat heute in der N\u00e4he des Gartenzauns begonnen eine Wurfh\u00f6hle zu bauen. 12.12.2018 Mittlerweile ist nicht mehr zu \u00fcbersehen, dass Maya Welpen erwartet. Ihr Bauch ist un\u00fcbersehbar dick und das Ges\u00e4uge entwickelt sich. 11.12.2018 Die Wurfbox ist zusammengebaut und bereit. Bilder des A-Wurfs &nbsp; Bilder vom 18.01.2019 Der erste Ausflug nach Drau\u00dfen am 26.01.2019 Der Ausflug am 1.2.2019 &#8212;&#8212;&#8212;&#8212;&#8212;&#8212;&#8212;&#8212;&#8212;&#8212;&#8212;&#8212;&#8212;&#8212;&#8212;&#8212;&#8212;&#8212;&#8212;&#8212;&#8212;&#8212;&#8212;&#8212;&#8212;&#8212;&#8212;&#8212;&#8212;&#8212;&#8212; Die Kinderstube am 30.12. Ein Ausflug am 2.2. VII &nbsp; Die Eltern Nachdem sich Maya (Gioia von der Schatzinsel) und Balto (Indy von der Schatzinsel) im Oktober genauer beschnuppert haben, erwartet Maya nun um den 4 Advent Welpen.&nbsp; Wir freuen uns schon sehr auf unsere Weihnachtswelpen. Angaben zum R\u00fcden Name: Indy von der Schatzinsel Wurftag: 01.03.2015 Farbe: WRA Gr\u00f6\u00dfe: 56cm Haarart: glatt ZB-Nr.: 11006 HD-Befund: A1 PL-Befund: 0 Augenbefund: Glaukom: 12.06.2018: frei 12.06.2018: Gonioskopie frei Wesens: gute Leinenf\u00fchrigkeit; folgsam;keine Aggressivit\u00e4t gegen\u00fcber Artgenossen; sehr Folgsam, sehr spiel- und apportierfreudig; neugierig bis gesundes Interesse an kleineren Haustieren; ruhig und freundlich gegen\u00fcber neutralen Menschen; sehr unterordnungswillig; schmerzunempfindlich; keine Futterverteidigung; bei auff\u00e4lligen Personen ruhig und gelassen; angebunden ruhig und gelassen; ruhiges bis lebhaftes Temperament; sicher bei optischen und akustischen Reizen; sicher, gelassen und ruhig im Ring; kindergeeignet; keine Neigung zum Anspringen; ausgepr\u00e4gte K\u00f6rpersprache, Mienenspiel; gelehrig. Verpaarung: Der R\u00fcde ist unbegrenzt zuchttauglich. Die H\u00fcndin sollte elo-typisch gezeichnet sein. Internetseite: Indy von der Schatzinsel Verpaarung: Der zu verpaarende R\u00fcde sollte Elo-Typisch gezeichnet sein und einen korrekten Gang aufweisen. Name: Gioia von der Schatzinsel Wurftag: 02.07.2014 Farbe: WBA Gr\u00f6\u00dfe: 56cm Haarart: glatt ZB-Nr.: 10499 HD-Befund: A2 PL-Befund: 0 Augenbefund: Glaukom: AU-o.B.(10.11.2017) Gonio-o.B.(10.11.2017) Wesens: Freundliche H\u00fcndin mit gutem Sozialverhalten. Sehr sicher bei optischen und akustischen Reizen. Bei bedrohlicher Person wachsam. Kinderlieb, zeigt neugieriges Interesse an Kaninchen, spielfreudig, lernfreudig. Sch\u00f6ne Erlebnisse sind f\u00fcr einen Z\u00fcchter Briefe die danke sagen, ganz besonders dann, wenn sie so sch\u00f6n geschrieben sind:<\/p>\n","protected":false},"author":1,"featured_media":0,"parent":12,"menu_order":10,"comment_status":"closed","ping_status":"closed","template":"","meta":{"ngg_post_thumbnail":0,"_themeisle_gutenberg_block_has_review":false,"footnotes":""},"class_list":["post-14","page","type-page","status-publish","hentry"],"_links":{"self":[{"href":"https:\/\/elos-aus-dem-rurtal.de\/index.php?rest_route=\/wp\/v2\/pages\/14","targetHints":{"allow":["GET"]}}],"collection":[{"href":"https:\/\/elos-aus-dem-rurtal.de\/index.php?rest_route=\/wp\/v2\/pages"}],"about":[{"href":"https:\/\/elos-aus-dem-rurtal.de\/index.php?rest_route=\/wp\/v2\/types\/page"}],"author":[{"embeddable":true,"href":"https:\/\/elos-aus-dem-rurtal.de\/index.php?rest_route=\/wp\/v2\/users\/1"}],"replies":[{"embeddable":true,"href":"https:\/\/elos-aus-dem-rurtal.de\/index.php?rest_route=%2Fwp%2Fv2%2Fcomments&post=14"}],"version-history":[{"count":92,"href":"https:\/\/elos-aus-dem-rurtal.de\/index.php?rest_route=\/wp\/v2\/pages\/14\/revisions"}],"predecessor-version":[{"id":1274,"href":"https:\/\/elos-aus-dem-rurtal.de\/index.php?rest_route=\/wp\/v2\/pages\/14\/revisions\/1274"}],"up":[{"embeddable":true,"href":"https:\/\/elos-aus-dem-rurtal.de\/index.php?rest_route=\/wp\/v2\/pages\/12"}],"wp:attachment":[{"href":"https:\/\/elos-aus-dem-rurtal.de\/index.php?rest_route=%2Fwp%2Fv2%2Fmedia&parent=14"}],"curies":[{"name":"wp","href":"https:\/\/api.w.org\/{rel}","templated":true}]}}